{"id":14,"date":"2014-06-21T12:12:39","date_gmt":"2014-06-21T11:12:39","guid":{"rendered":"http:\/\/gaellesalakenos.be\/?page_id=14"},"modified":"2022-03-30T07:41:03","modified_gmt":"2022-03-30T06:41:03","slug":"parcours","status":"publish","type":"page","link":"http:\/\/gaellesalakenos.be\/?page_id=14","title":{"rendered":"Parcours"},"content":{"rendered":"<h3><span style=\"color: #ff9900;\"><strong>Actuellement<br \/>\n<\/strong><\/span><\/h3>\n<div>\n<ul style=\"margin: 1em 0px 1.4em 24px; padding: 0px; line-height: 19.488000869751px; color: #424242; font-family: 'Open Sans',sans-serif; font-size: 14px;\">\n<li style=\"margin: 0px 0px 0.5em; padding: 0px;\"><strong style=\"margin: 0px; padding: 0px;\"><span style=\"font-weight: normal; line-height: 19.488000869751px;\"><span style=\"line-height: 19.488000869751px;\"><strong>Psychologue clinicienne (bien-\u00eatre et d\u00e9veloppement personnel; comportements alimentaires) et Praticienne EMDR<\/strong>\u00a0au centre m\u00e9dical et param\u00e9dical KINOS (\u00e0 Louvain-la-Neuve)<\/span><span style=\"line-height: 19.488000869751px;\">\u00a0<\/span>&amp; Cabinet priv\u00e9 \u00e0 Namur<\/span><\/strong><\/li>\n<\/ul>\n<\/div>\n<h3><span style=\"color: #ff9900;\"><strong>Formation<\/strong><\/span><\/h3>\n<ul>\n<li>Formation &#8211; <strong>Trauma pr\u00e9coce, Attachement et EMDR<\/strong> &#8211; Annie Delplancq (Integrativa)<\/li>\n<li><strong>Praticienne EMDR<\/strong> (Certifi\u00e9e) &#8211; Integrativa \/ EMDR Belgium<\/li>\n<li>Formation FCPS &#8211;\u00a0<span style=\"color: #222222;\"><strong>Quand l\u2019ins\u00e9curit\u00e9 r\u00e8gne au sein du couple<\/strong> : Approches th\u00e9rapeutiques centr\u00e9es sur l\u2019infid\u00e9lit\u00e9, la jalousie et la d\u00e9pendance affective &#8211; Sarah Galdiolo<\/span><\/li>\n<li>Les \u00e9volutions du <strong>mod\u00e8le bio-psycho-sensoriel<\/strong> (au niveau alimentaire) &#8211; Dr Zermati &#8211; Paris<\/li>\n<li>\n<div style=\"color: #222222;\">Cycle mindfulness &#8211; Apprivoiser le stress et les \u00e9motions par la <strong>pleine conscience<\/strong> &#8211; Ilios Kotsou<\/div>\n<\/li>\n<li><span style=\"color: #141823;\">Formation pluridisciplinaire \u00e0 l&rsquo;abord psycho-nutritionnel <strong>de l&rsquo;ob\u00e9sit\u00e9, du surpoids et des troubles du comportement alimentaire<\/strong>, Formation donn\u00e9e par le GROS et dirig\u00e9e par Dr Zermati &#8211; Paris<\/span><\/li>\n<li><strong>Burnout<\/strong> &#8211; Diagnostic, Pr\u00e9vention et Prise en chage \u2022 AEMTC &#8211; Universit\u00e9 de Li\u00e8ge<\/li>\n<li>Formation de <strong>Consultante en Nutrition<\/strong> \u2022 Centre de Formation \u00e0 Distance (CFD) &#8211; Grande Distinction<\/li>\n<li>Dipl\u00f4m\u00e9e <strong>Psychologue clinicienne<\/strong> \u2022 Universit\u00e9 Catholique de Louvain (UCL), Louvain-la-Neuve<br \/>\n\u2013 Grande Distinction Master en Sciences psychologiques<br \/>\n\u2013\u00a0Option Bien-\u00eatre et sant\u00e9\u00a0 Fili\u00e8res psychanalyse et syst\u00e9mique<br \/>\nSp\u00e9cialisation :\u00a0les <strong>comportements alimentaires<\/strong><\/li>\n<li>Psychologue au <strong>Centre de Traitement du Trouble Alimentaire de l\u2019Adolescent<\/strong> Le Domaine \u2022 ULB \u00e0 Braine-l\u2019Alleud<br \/>\n\u2013 Stage \u2013 Grande Distinction<\/li>\n<li><strong>Coach P\u00e9dagogique<\/strong> \u2022 Educadomo<\/li>\n<li><strong>Coaching scolaire<\/strong> \u2022 Exp\u00e9rience de 6\u00a0ans<\/li>\n<\/ul>\n<p>&nbsp;<\/p>\n<hr \/>\n<p>&nbsp;<\/p>\n<div class='shortcode col2-1 first'>\n<h3><span style=\"color: #ff9900;\"><strong>Formation continue<\/strong><\/span><\/h3>\n<ul>\n<li>Lectures r\u00e9guli\u00e8res d\u2019ouvrages et d\u2019articles scientifiques li\u00e9s \u00e0 ma pratique clinique<\/li>\n<li>Partage de pratiques avec d\u2019autres psychologues<\/li>\n<li>Participation \u00e0 des supervisions, conf\u00e9rences et s\u00e9minaires<\/li>\n<\/ul>\n<\/div>\n<div class='shortcode col2-1'>\n<h3><span style=\"color: #ff9900;\"><strong>Activit\u00e9s actuelles<\/strong><\/span><\/h3>\n<ul>\n<li>Consultations individuelles<\/li>\n<li>Mises en place d\u2019Ateliers Th\u00e9rapeutiques et de groupes de paroles<\/li>\n<\/ul>\n<\/div>\n<div id=\"themify_builder_content-14\" data-postid=\"14\" class=\"themify_builder_content themify_builder_content-14 themify_builder themify_builder_front\">\n\t\n\t\n<\/div>\n<!-- \/themify_builder_content -->","protected":false},"excerpt":{"rendered":"<p>Actuellement Psychologue clinicienne (bien-\u00eatre et d\u00e9veloppement personnel; comportements alimentaires) et Praticienne EMDR\u00a0au centre m\u00e9dical et param\u00e9dical KINOS (\u00e0 Louvain-la-Neuve)\u00a0&amp; Cabinet priv\u00e9 \u00e0 Namur Formation Formation &#8211; Trauma pr\u00e9coce, Attachement et EMDR &#8211; Annie Delplancq (Integrativa) Praticienne EMDR (Certifi\u00e9e) &#8211; Integrativa \/ EMDR Belgium Formation FCPS &#8211;\u00a0Quand l\u2019ins\u00e9curit\u00e9 r\u00e8gne au sein du couple : Approches th\u00e9rapeutiques(&#8230;)<\/p>\n","protected":false},"author":1,"featured_media":0,"parent":0,"menu_order":0,"comment_status":"closed","ping_status":"closed","template":"","meta":{"footnotes":""},"_links":{"self":[{"href":"http:\/\/gaellesalakenos.be\/index.php?rest_route=\/wp\/v2\/pages\/14"}],"collection":[{"href":"http:\/\/gaellesalakenos.be\/index.php?rest_route=\/wp\/v2\/pages"}],"about":[{"href":"http:\/\/gaellesalakenos.be\/index.php?rest_route=\/wp\/v2\/types\/page"}],"author":[{"embeddable":true,"href":"http:\/\/gaellesalakenos.be\/index.php?rest_route=\/wp\/v2\/users\/1"}],"replies":[{"embeddable":true,"href":"http:\/\/gaellesalakenos.be\/index.php?rest_route=%2Fwp%2Fv2%2Fcomments&post=14"}],"version-history":[{"count":24,"href":"http:\/\/gaellesalakenos.be\/index.php?rest_route=\/wp\/v2\/pages\/14\/revisions"}],"predecessor-version":[{"id":328,"href":"http:\/\/gaellesalakenos.be\/index.php?rest_route=\/wp\/v2\/pages\/14\/revisions\/328"}],"wp:attachment":[{"href":"http:\/\/gaellesalakenos.be\/index.php?rest_route=%2Fwp%2Fv2%2Fmedia&parent=14"}],"curies":[{"name":"wp","href":"https:\/\/api.w.org\/{rel}","templated":true}]}}

<h3><span style="color: #ff9900;"><strong>Actuellement<br />
</strong></span></h3>
<div>
<ul style="margin: 1em 0px 1.4em 24px; padding: 0px; line-height: 19.488000869751px; color: #424242; font-family: 'Open Sans',sans-serif; font-size: 14px;">
<li style="margin: 0px 0px 0.5em; padding: 0px;"><strong style="margin: 0px; padding: 0px;"><span style="font-weight: normal; line-height: 19.488000869751px;"><span style="line-height: 19.488000869751px;"><strong>Psychologue clinicienne (bien-être et développement personnel; comportements alimentaires) et Praticienne EMDR</strong> au centre médical et paramédical KINOS (à Louvain-la-Neuve)</span><span style="line-height: 19.488000869751px;"> </span>&amp; Cabinet privé à Namur</span></strong></li>
</ul>
</div>
<h3><span style="color: #ff9900;"><strong>Formation</strong></span></h3>
<ul>
<li>Formation &#8211; <strong>Trauma précoce, Attachement et EMDR</strong> &#8211; Annie Delplancq (Integrativa)</li>
<li><strong>Praticienne EMDR</strong> (Certifiée) &#8211; Integrativa / EMDR Belgium</li>
<li>Formation FCPS &#8211; <span style="color: #222222;"><strong>Quand l’insécurité règne au sein du couple</strong> : Approches thérapeutiques centrées sur l’infidélité, la jalousie et la dépendance affective &#8211; Sarah Galdiolo</span></li>
<li>Les évolutions du <strong>modèle bio-psycho-sensoriel</strong> (au niveau alimentaire) &#8211; Dr Zermati &#8211; Paris</li>
<li>
<div style="color: #222222;">Cycle mindfulness &#8211; Apprivoiser le stress et les émotions par la <strong>pleine conscience</strong> &#8211; Ilios Kotsou</div>
</li>
<li><span style="color: #141823;">Formation pluridisciplinaire à l&rsquo;abord psycho-nutritionnel <strong>de l&rsquo;obésité, du surpoids et des troubles du comportement alimentaire</strong>, Formation donnée par le GROS et dirigée par Dr Zermati &#8211; Paris</span></li>
<li><strong>Burnout</strong> &#8211; Diagnostic, Prévention et Prise en chage • AEMTC &#8211; Université de Liège</li>
<li>Formation de <strong>Consultante en Nutrition</strong> • Centre de Formation à Distance (CFD) &#8211; Grande Distinction</li>
<li>Diplômée <strong>Psychologue clinicienne</strong> • Université Catholique de Louvain (UCL), Louvain-la-Neuve<br />
– Grande Distinction Master en Sciences psychologiques<br />
– Option Bien-être et santé  Filières psychanalyse et systémique<br />
Spécialisation : les <strong>comportements alimentaires</strong></li>
<li>Psychologue au <strong>Centre de Traitement du Trouble Alimentaire de l’Adolescent</strong> Le Domaine • ULB à Braine-l’Alleud<br />
– Stage – Grande Distinction</li>
<li><strong>Coach Pédagogique</strong> • Educadomo</li>
<li><strong>Coaching scolaire</strong> • Expérience de 6 ans</li>
</ul>
<p>&nbsp;</p>
<hr />
<p>&nbsp;</p>
<div class='shortcode col2-1 first'>
<h3><span style="color: #ff9900;"><strong>Formation continue</strong></span></h3>
<ul>
<li>Lectures régulières d’ouvrages et d’articles scientifiques liés à ma pratique clinique</li>
<li>Partage de pratiques avec d’autres psychologues</li>
<li>Participation à des supervisions, conférences et séminaires</li>
</ul>
</div>
<div class='shortcode col2-1'>
<h3><span style="color: #ff9900;"><strong>Activités actuelles</strong></span></h3>
<ul>
<li>Consultations individuelles</li>
<li>Mises en place d’Ateliers Thérapeutiques et de groupes de paroles</li>
</ul>
</div>
<div id="themify_builder_content-14" data-postid="14" class="themify_builder_content themify_builder_content-14 themify_builder themify_builder_front">
	
	
</div>
<!-- /themify_builder_content -->

<p>Actuellement Psychologue clinicienne (bien-être et développement personnel; comportements alimentaires) et Praticienne EMDR au centre médical et paramédical KINOS (à Louvain-la-Neuve) &amp; Cabinet privé à Namur Formation Formation &#8211; Trauma précoce, Attachement et EMDR &#8211; Annie Delplancq (Integrativa) Praticienne EMDR (Certifiée) &#8211; Integrativa / EMDR Belgium Formation FCPS &#8211; Quand l’insécurité règne au sein du couple : Approches thérapeutiques(&#8230;)</p>
